{"id":2,"date":"2021-02-20T18:39:12","date_gmt":"2021-02-20T18:39:12","guid":{"rendered":"https:\/\/abra-cleaner.pl\/?page_id=2"},"modified":"2021-02-20T19:41:34","modified_gmt":"2021-02-20T19:41:34","slug":"abra","status":"publish","type":"page","link":"https:\/\/abra-cleaner.pl\/","title":{"rendered":"Witaj na stronie firmy Abra!"},"content":{"rendered":"\n<p>Zajmujemy si\u0119 produkcj\u0105 p\u0142ynu do czyszczenia toalet oraz kamienia.<\/p>\n\n\n\n<p>Poni\u017cej znajdziesz skr\u00f3t informacji o naszej dzia\u0142alno\u015bci. Po wi\u0119cej zapraszamy do menu.<\/p>\n","protected":false},"excerpt":{"rendered":"<p>Zajmujemy si\u0119 produkcj\u0105 p\u0142ynu do czyszczenia toalet oraz kamienia. Poni\u017cej znajdziesz skr\u00f3t informacji o naszej dzia\u0142alno\u015bci. Po wi\u0119cej zapraszamy do menu.<\/p>\n","protected":false},"author":1,"featured_media":0,"parent":0,"menu_order":0,"comment_status":"closed","ping_status":"open","template":"","meta":{"footnotes":""},"class_list":["post-2","page","type-page","status-publish","hentry"],"_links":{"self":[{"href":"https:\/\/abra-cleaner.pl\/index.php\/wp-json\/wp\/v2\/pages\/2","targetHints":{"allow":["GET"]}}],"collection":[{"href":"https:\/\/abra-cleaner.pl\/index.php\/wp-json\/wp\/v2\/pages"}],"about":[{"href":"https:\/\/abra-cleaner.pl\/index.php\/wp-json\/wp\/v2\/types\/page"}],"author":[{"embeddable":true,"href":"https:\/\/abra-cleaner.pl\/index.php\/wp-json\/wp\/v2\/users\/1"}],"replies":[{"embeddable":true,"href":"https:\/\/abra-cleaner.pl\/index.php\/wp-json\/wp\/v2\/comments?post=2"}],"version-history":[{"count":8,"href":"https:\/\/abra-cleaner.pl\/index.php\/wp-json\/wp\/v2\/pages\/2\/revisions"}],"predecessor-version":[{"id":69,"href":"https:\/\/abra-cleaner.pl\/index.php\/wp-json\/wp\/v2\/pages\/2\/revisions\/69"}],"wp:attachment":[{"href":"https:\/\/abra-cleaner.pl\/index.php\/wp-json\/wp\/v2\/media?parent=2"}],"curies":[{"name":"wp","href":"https:\/\/api.w.org\/{rel}","templated":true}]}}